{"id":718,"date":"2019-06-30T18:10:40","date_gmt":"2019-06-30T16:10:40","guid":{"rendered":"https:\/\/extern18.gruene.ch\/severinluescher\/?page_id=718"},"modified":"2024-07-14T20:14:26","modified_gmt":"2024-07-14T18:14:26","slug":"vorstoesse-im-grossen-rat","status":"publish","type":"page","link":"https:\/\/severin-luescher.ch\/?page_id=718","title":{"rendered":"Politik"},"content":{"rendered":"","protected":false},"excerpt":{"rendered":"","protected":false},"author":12,"featured_media":1229,"parent":0,"menu_order":2,"comment_status":"closed","ping_status":"closed","template":"","meta":{"_acf_changed":false,"inline_featured_image":false,"footnotes":""},"class_list":["post-718","page","type-page","status-publish","has-post-thumbnail","hentry"],"acf":[],"yoast_head":"<!-- This site is optimized with the Yoast SEO plugin v26.9 - https:\/\/yoast.com\/product\/yoast-seo-wordpress\/ -->\n<title>Politik - Severin L\u00fcscher<\/title>\n<meta name=\"description\" content=\"Politik als Kunst des M\u00f6glichen (Bismarck) und Werkstatt f\u00fcr zeitgem\u00e4sse, zweckm\u00e4ssige und mehrheitsf\u00e4hige Antworten auf anstehende Fragen\" \/>\n<meta name=\"robots\" content=\"index, follow, max-snippet:-1, max-image-preview:large, max-video-preview:-1\" \/>\n<link rel=\"canonical\" href=\"https:\/\/severin-luescher.ch\/?page_id=718\" \/>\n<meta property=\"og:locale\" content=\"de_DE\" \/>\n<meta property=\"og:type\" content=\"article\" \/>\n<meta property=\"og:title\" content=\"Politik - Severin L\u00fcscher\" \/>\n<meta property=\"og:description\" content=\"Politik als Kunst des M\u00f6glichen (Bismarck) und Werkstatt f\u00fcr zeitgem\u00e4sse, zweckm\u00e4ssige und mehrheitsf\u00e4hige Antworten auf anstehende \u2026\" \/>\n<meta property=\"og:url\" content=\"https:\/\/severin-luescher.ch\/?page_id=718\" \/>\n<meta property=\"og:site_name\" content=\"Severin L\u00fcscher\" \/>\n<meta property=\"article:modified_time\" content=\"2024-07-14T18:14:26+00:00\" \/>\n<meta property=\"og:image\" content=\"https:\/\/severin-luescher.ch\/wp-content\/uploads\/sites\/9\/2024\/07\/1200x600-1200x630-c-center.jpg\" \/>\n\t<meta property=\"og:image:width\" content=\"1200\" \/>\n\t<meta property=\"og:image:height\" content=\"630\" \/>\n\t<meta property=\"og:image:type\" content=\"image\/jpeg\" \/>\n<meta name=\"twitter:card\" content=\"summary_large_image\" \/>\n<meta name=\"twitter:site\" content=\"@severinluescher\" \/>\n<meta name=\"twitter:label1\" content=\"Gesch\u00e4tzte Lesezeit\" \/>\n\t<meta name=\"twitter:data1\" content=\"3\u00a0Minuten\" \/>\n<script type=\"application\/ld+json\" class=\"yoast-schema-graph\">{\"@context\":\"https:\/\/schema.org\",\"@graph\":[{\"@type\":\"WebPage\",\"@id\":\"https:\/\/severin-luescher.ch\/?page_id=718\",\"url\":\"https:\/\/severin-luescher.ch\/?page_id=718\",\"name\":\"Politik - Severin L\u00fcscher\",\"isPartOf\":{\"@id\":\"https:\/\/severin-luescher.ch\/#website\"},\"primaryImageOfPage\":{\"@id\":\"https:\/\/severin-luescher.ch\/?page_id=718#primaryimage\"},\"image\":{\"@id\":\"https:\/\/severin-luescher.ch\/?page_id=718#primaryimage\"},\"thumbnailUrl\":\"https:\/\/severin-luescher.ch\/wp-content\/uploads\/sites\/9\/2024\/07\/1200x600-2560x0-c-default.jpg\",\"datePublished\":\"2019-06-30T16:10:40+00:00\",\"dateModified\":\"2024-07-14T18:14:26+00:00\",\"description\":\"Politik als Kunst des M\u00f6glichen (Bismarck) und Werkstatt f\u00fcr zeitgem\u00e4sse, zweckm\u00e4ssige und mehrheitsf\u00e4hige Antworten auf anstehende Fragen\",\"breadcrumb\":{\"@id\":\"https:\/\/severin-luescher.ch\/?page_id=718#breadcrumb\"},\"inLanguage\":\"de\",\"potentialAction\":[{\"@type\":\"ReadAction\",\"target\":[\"https:\/\/severin-luescher.ch\/?page_id=718\"]}]},{\"@type\":\"ImageObject\",\"inLanguage\":\"de\",\"@id\":\"https:\/\/severin-luescher.ch\/?page_id=718#primaryimage\",\"url\":\"https:\/\/severin-luescher.ch\/wp-content\/uploads\/sites\/9\/2024\/07\/1200x600-2560x0-c-default.jpg\",\"contentUrl\":\"https:\/\/severin-luescher.ch\/wp-content\/uploads\/sites\/9\/2024\/07\/1200x600-2560x0-c-default.jpg\",\"width\":1200,\"height\":600},{\"@type\":\"BreadcrumbList\",\"@id\":\"https:\/\/severin-luescher.ch\/?page_id=718#breadcrumb\",\"itemListElement\":[{\"@type\":\"ListItem\",\"position\":1,\"name\":\"Front Page\",\"item\":\"https:\/\/severin-luescher.ch\/\"},{\"@type\":\"ListItem\",\"position\":2,\"name\":\"Politik\"}]},{\"@type\":\"WebSite\",\"@id\":\"https:\/\/severin-luescher.ch\/#website\",\"url\":\"https:\/\/severin-luescher.ch\/\",\"name\":\"severin-luescher.ch\",\"description\":\"Dr. med. Severin L\u00fcscher wieder in den Grossen Rat\",\"potentialAction\":[{\"@type\":\"SearchAction\",\"target\":{\"@type\":\"EntryPoint\",\"urlTemplate\":\"https:\/\/severin-luescher.ch\/?s={search_term_string}\"},\"query-input\":{\"@type\":\"PropertyValueSpecification\",\"valueRequired\":true,\"valueName\":\"search_term_string\"}}],\"inLanguage\":\"de\"}]}<\/script>\n<!-- \/ Yoast SEO plugin. -->","yoast_head_json":{"title":"Politik - Severin L\u00fcscher","description":"Politik als Kunst des M\u00f6glichen (Bismarck) und Werkstatt f\u00fcr zeitgem\u00e4sse, zweckm\u00e4ssige und mehrheitsf\u00e4hige Antworten auf anstehende Fragen","robots":{"index":"index","follow":"follow","max-snippet":"max-snippet:-1","max-image-preview":"max-image-preview:large","max-video-preview":"max-video-preview:-1"},"canonical":"https:\/\/severin-luescher.ch\/?page_id=718","og_locale":"de_DE","og_type":"article","og_title":"Politik - Severin L\u00fcscher","og_description":"Politik als Kunst des M\u00f6glichen (Bismarck) und Werkstatt f\u00fcr zeitgem\u00e4sse, zweckm\u00e4ssige und mehrheitsf\u00e4hige Antworten auf anstehende \u2026","og_url":"https:\/\/severin-luescher.ch\/?page_id=718","og_site_name":"Severin L\u00fcscher","article_modified_time":"2024-07-14T18:14:26+00:00","og_image":[{"width":1200,"height":630,"url":"https:\/\/severin-luescher.ch\/wp-content\/uploads\/sites\/9\/2024\/07\/1200x600-1200x630-c-center.jpg","type":"image\/jpeg"}],"twitter_card":"summary_large_image","twitter_site":"@severinluescher","twitter_misc":{"Gesch\u00e4tzte Lesezeit":"3\u00a0Minuten"},"schema":{"@context":"https:\/\/schema.org","@graph":[{"@type":"WebPage","@id":"https:\/\/severin-luescher.ch\/?page_id=718","url":"https:\/\/severin-luescher.ch\/?page_id=718","name":"Politik - Severin L\u00fcscher","isPartOf":{"@id":"https:\/\/severin-luescher.ch\/#website"},"primaryImageOfPage":{"@id":"https:\/\/severin-luescher.ch\/?page_id=718#primaryimage"},"image":{"@id":"https:\/\/severin-luescher.ch\/?page_id=718#primaryimage"},"thumbnailUrl":"https:\/\/severin-luescher.ch\/wp-content\/uploads\/sites\/9\/2024\/07\/1200x600-2560x0-c-default.jpg","datePublished":"2019-06-30T16:10:40+00:00","dateModified":"2024-07-14T18:14:26+00:00","description":"Politik als Kunst des M\u00f6glichen (Bismarck) und Werkstatt f\u00fcr zeitgem\u00e4sse, zweckm\u00e4ssige und mehrheitsf\u00e4hige Antworten auf anstehende Fragen","breadcrumb":{"@id":"https:\/\/severin-luescher.ch\/?page_id=718#breadcrumb"},"inLanguage":"de","potentialAction":[{"@type":"ReadAction","target":["https:\/\/severin-luescher.ch\/?page_id=718"]}]},{"@type":"ImageObject","inLanguage":"de","@id":"https:\/\/severin-luescher.ch\/?page_id=718#primaryimage","url":"https:\/\/severin-luescher.ch\/wp-content\/uploads\/sites\/9\/2024\/07\/1200x600-2560x0-c-default.jpg","contentUrl":"https:\/\/severin-luescher.ch\/wp-content\/uploads\/sites\/9\/2024\/07\/1200x600-2560x0-c-default.jpg","width":1200,"height":600},{"@type":"BreadcrumbList","@id":"https:\/\/severin-luescher.ch\/?page_id=718#breadcrumb","itemListElement":[{"@type":"ListItem","position":1,"name":"Front Page","item":"https:\/\/severin-luescher.ch\/"},{"@type":"ListItem","position":2,"name":"Politik"}]},{"@type":"WebSite","@id":"https:\/\/severin-luescher.ch\/#website","url":"https:\/\/severin-luescher.ch\/","name":"severin-luescher.ch","description":"Dr. med. Severin L\u00fcscher wieder in den Grossen Rat","potentialAction":[{"@type":"SearchAction","target":{"@type":"EntryPoint","urlTemplate":"https:\/\/severin-luescher.ch\/?s={search_term_string}"},"query-input":{"@type":"PropertyValueSpecification","valueRequired":true,"valueName":"search_term_string"}}],"inLanguage":"de"}]}},"_links":{"self":[{"href":"https:\/\/severin-luescher.ch\/index.php?rest_route=\/wp\/v2\/pages\/718","targetHints":{"allow":["GET"]}}],"collection":[{"href":"https:\/\/severin-luescher.ch\/index.php?rest_route=\/wp\/v2\/pages"}],"about":[{"href":"https:\/\/severin-luescher.ch\/index.php?rest_route=\/wp\/v2\/types\/page"}],"author":[{"embeddable":true,"href":"https:\/\/severin-luescher.ch\/index.php?rest_route=\/wp\/v2\/users\/12"}],"replies":[{"embeddable":true,"href":"https:\/\/severin-luescher.ch\/index.php?rest_route=%2Fwp%2Fv2%2Fcomments&post=718"}],"version-history":[{"count":27,"href":"https:\/\/severin-luescher.ch\/index.php?rest_route=\/wp\/v2\/pages\/718\/revisions"}],"predecessor-version":[{"id":1238,"href":"https:\/\/severin-luescher.ch\/index.php?rest_route=\/wp\/v2\/pages\/718\/revisions\/1238"}],"wp:featuredmedia":[{"embeddable":true,"href":"https:\/\/severin-luescher.ch\/index.php?rest_route=\/wp\/v2\/media\/1229"}],"wp:attachment":[{"href":"https:\/\/severin-luescher.ch\/index.php?rest_route=%2Fwp%2Fv2%2Fmedia&parent=718"}],"curies":[{"name":"wp","href":"https:\/\/api.w.org\/{rel}","templated":true}]}}